s 716 - 214240?
-213423
In base 7, what is 1 - -51401233?
51401234
In base 5, what is -134144 - 11011213?
-11200412
In base 9, what is 1 + 4402037?
4402038
In base 11, what is -a8 + -38264?
-38361
In base 9, what is -563642 - -13?
-563628
In base 16, what is 163f798 - -5?
163f79d
In base 8, what is 5 + 446251271?
446251276
In base 15, what is a986d + 21?
a988e
In base 5, what is 0 - 320101110402?
-320101110402
In base 12, what is 22133 - -117a?
232b1
In base 11, what is 4 + 937592?
937596
In base 5, what is 24 + -1240300003?
-1240244424
In base 16, what is -5 - 27c9d?
-27ca2
In base 3, what is 10120 - -220122022?
220202212
In base 10, what is -1554 - 138077?
-139631
In base 12, what is 0 - 109b1745?
-109b1745
In base 8, what is -6 + -1034722?
-1034730
In base 6, what is 13 + -1341153?
-1341140
In base 12, what is 15 - -4a546b1?
4a54706
In base 11, what is -13576733 - 0?
-13576733
In base 2, what is 11111000010011000000011 - -100000?
11111000010011000100011
In base 3, what is -11 - 102212111200111?
-102212111200122
In base 12, what is -4a0279 + -313?
-4a0590
In base 9, what is 118 + 6374301?
6374420
In base 14, what is -bdc51 + 32?
-bdc1d
In base 14, what is -5 - -4044431?
404442a
In base 16, what is 13 - -4034a3?
4034b6
In base 12, what is 12ab4981 + -2?
12ab497b
In base 15, what is -125d7 + 3c37?
-d8a0
In base 10, what is -7 - 154245?
-154252
In base 7, what is 66 - 3632013?
-3631614
In base 12, what is a723 + -50a?
a215
In base 11, what is -1a04 - -10323?
941a
In base 8, what is -2005 + -4427?
-6434
In base 5, what is 102 - 1100422421?
-1100422314
In base 6, what is 123023 + -12151?
110432
In base 4, what is 131133222331 + 0?
131133222331
In base 2, what is 101110101111 + 111111100?
110110101011
In base 4, what is -10 - 2120312202?
-2120312212
In base 13, what is 17243 + 88c?
17b02
In base 6, what is 5 + 4254013412?
4254013421
In base 2, what is 10000110000000110010 - 111110010?
10000101111001000000
In base 11, what is -30557520 - -4?
-30557517
In base 14, what is -2434d355 - 2?
-2434d357
In base 12, what is 58 + 30899?
30935
In base 12, what is -219093 - 67?
-21913a
In base 15, what is 1c0 - -47408?
475c8
In base 14, what is -a21b8 + -18?
-a21d2
In base 16, what is -1 + a613978?
a613977
In base 8, what is 1111 - 2116165?
-2115054
In base 7, what is -21 + -225235140?
-225235161
In base 6, what is 1104352 - 1430?
1102522
In base 4, what is -101031 + -101222111?
-101323202
In base 12, what is a38 - 13447?
-1260b
In base 6, what is 33411213 - 53?
33411120
In base 12, what is a8 + 6215?
6301
In base 7, what is -26 - -105204304?
105204245
In base 14, what is 804 - 66ab3?
-662ad
In base 5, what is 0 + 14122113?
14122113
In base 2, what is 100 + -10101001101110111011111000111?
-10101001101110111011111000011
In base 12, what is b5963a + a?
b59648
In base 13, what is 4152 + -1a47?
2408
In base 12, what is 1 - 515211?
-515210
In base 11, what is aa2 + -32666?
-31674
In base 13, what is 7a - -221c94?
222041
In base 15, what is -15488 - -141?
-15347
In base 2, what is 10 - 10011100000011100010111?
-10011100000011100010101
In base 10, what is -254802 + 66?
-254736
In base 11, what is 8217 - 12061?
-4945
In base 4, what is -2210011 - -33302?
-2110103
In base 7, what is 6105263 - -640?
6106233
In base 11, what is 163 - 19286?
-19123
In base 10, what is 572283 - 38?
572245
In base 14, what is -23d44a + 236?
-23d214
In base 7, what is 1024606010 - -1?
1024606011
In base 7, what is 130 - -3220432?
3220562
In base 3, what is -1122012001121111201 + 2?
-1122012001121111122
In base 5, what is 13 - -131203144?
131203212
In base 13, what is 70 + -63c118?
-63c078
In base 14, what is -6aa0 + 21c4?
-48ba
In base 13, what is 1 - -2b041639?
2b04163a
In base 14, what is -11103 - 139?
-1123c
In base 7, what is 5526601 - -4?
5526605
In base 8, what is -330755050 - -3?
-330755045
In base 2, what is 100110 - -11011101011110010110001?
11011101011110011010111
In base 10, what is 3 + 1069219?
1069222
In base 7, what is -433 - 511536?
-512302
In base 11, what is 62 - -522103?
522165
In base 12, what is -80b9b - -2553?
-7a648
In base 13, what is -445cb - -a10?
-438bb
In base 15, what is -15764 + -85?
-157e9
In base 9, what is 31 + -454105?
-454064
In base 9, what is 7 - -12557806?
12557814
In base 10, what is 4508 + 10909?
15417
In base 6, what is -3 - 3154330202?
-3154330205
In base 6, what is -12 + 52131220?
52131204
In base 13, what is -24a5400 - -6?
-24a53c7
In base 3, what is 12 + -121210022102?
-121210022020
In base 11, what is 22 + -63464?
-63442
In base 14, what is 38 - ac829?
-ac7d1
In base 6, what is 3 - -11141054?
11141101
In base 14, what is -100 - 2a992?
-2aa92
In base 14, what is 16 + -135d79?
-135d63
In base 16, what is 13ada0 - -60?
13ae00
In base 7, what is -4 + -1564413321?
-1564413325
In base 8, what is 3314 - -221?
3535
In base 4, what is -3122012033 - -3?
-3122012030
In base 8, what is 5 - -540301157?
540301164
In base 8, what is -24 + -172540?
-172564
In base 11, what is -31a12224 + 2?
-31a12222
In base 13, what is 21a5 - 1a144?
-17c6c
In base 11, what is 3 + 84567a4?
84567a7
In base 8, what is 5415232 + -4?
5415226
In base 4, what is 0 - -113322010330?
113322010330
In base 14, what is -426dd - 17?
-42716
In base 16, what is b - 225ff6?
-225feb
In base 2, what is -111101100100110101110011 - 11001?
-111101100100110110001100
In base 13, what is -468a - 3c94?
-8651
In base 3, what is -1 - 101000100011022?
-101000100011100
In base 3, what is -201 - -1010212120102?
1010212112201
In base 12, what is -427b5 + -1580?
-44175
In base 16, what is 7e25 - -150?
7f75
In base 13, what is -a42aa1c - -2?
-a42aa1a
In base 12, what is -a81a + -3b?
-a859
In base 16, what is 2a54e7 + -4?
2a54e3
In base 3, what is 102002220121102 - 12?
102002220121020
In base 6, what is 0 - 10241103205?
-10241103205
In base 7, what is -102 - 13644324?
-13644426
In base 2, what is -1101 - -1001110011111000010?
1001110011110110101
In base 11, what is 21 - 4608708?
-4608697
In base 12, what is 3 + 1652519?
1652520
In base 4, what is 200 + 13123122?
13123322
In base 4, what is -22113033 - 132122?
-22311221
In base 5, what is 3024212 + -1012?
3023200
In base 8, what is -2743 + -41074?
-44037
In base 10, what is -422 + 28223?
27801
In base 16, what is -41ccd - 163?
-41e30
In base 4, what is -1220023 - 1033?
-1221122
In base 11, what is -4 - -31a9754?
31a9750
In base 7, what is 10 + -15431465?
-15431455
In base 13, what is -18b8c17 - 5?
-18b8c1c
In base 3, what is -102111120211001220 - -2?
-102111120211001211
In base 5, what is 2240040034 - -21?
2240040110
In base 15, what is 6c173 - 20b?
6be67
In base 14, what is -85 - 862d?
-86b4
In base 9, what is -12314 + 12263?
-41
In base 14, what is -513204 + 5?
-5131dd
In base 7, what is -2 + 23133301?
23133266
In base 9, what is -6 + 3677271?
3677264
In base 12, what is -84b0 + a836?
2346
In base 4, what is -2333232101 - 111?
-2333232212
In base 4, what is 1020 - -23332333?
30000013
In base 13, what is -9 + -713ac2?
-713acb
In base 10, what is -4796143 + 0?
-4796143
In base 2, what is -1111101 + 111110110101111?
111110100110010
In base 11, what is 0 + 4279559?
4279559
In base 2, what is 1101110110000101010 + 11111110?
1101110110100101000
In base 7, what is -153665024 - -4?
-153665020
In base 3, what is -12221111001 - 12222212?
-20011110220
In base 13, what is 2 - -1453a314?
1453a316
In base 8, what is 15 + -2617551?
-2617534
In base 12, what is 2 + -604b8a?
-604b88
In base 2, what is 1000100011010 + 101111101011?
1110100000101
In base 8, what is 5073 - -452704?
457777
In base 7, what is -5 - 1115636552?
-1115636560
In base 6, what is 5 + 105505420314?
105505420323
In base 2, what is 1001100101011101000100001 + 1?
1001100101011101000100010
In base 12, what is 6b34b1 + 9a?
6b358b
In base 12, what is 1 + -346a36?
-346a35
In base 12, what is -42828b + 250?
-42803b
In base 4, what is -112021110013 - 2?
-112021110021
In base 4, what is 33201221 - -2221?
33210102
In base 16, what is 2f153 - 187?
2efcc
In base 7, what is -215341131 - 2?
-215341133
In base 5, what is -3 - 1320042240?
-1320042243
In base 10, what is 1106334 + -6?
1106328
In base 12, what is 723293 + -2?
723291
In base 7, what is 1 - -1101545352?
1101545353
In base 13, what is 2 - -16025?
16027
In ba